Let h be 120/90*(-9)/(-2). Suppose 2893 = 5*d + 4*w, -h*w = -2*d - 4*w + 1168. What are the prime factors of d?
7, 83
List the prime factors of ((8 - 3) + (-57)/38)*4174.
7, 2087
Let d = -5687 - -17776. List the prime factors of d.
7, 11, 157
Suppose 6*h - 360 = -6*h. Let n = -22 + h. Suppose -4*s + n = 0, -2*s = -4*b - b + 911. List the prime factors of b.
3, 61
Suppose c - 9 = i, c - 2*i - 9 = 2*i. Suppose c*p + 9 = 45. Suppose -99 = -8*x + 5*x + 2*y, -2*y = p*x - 146. List the prime factors of x.
5, 7
Let f = -9 + 6. Let q = -659 - -659. What are the prime factors of f + (q - -4 - -1)?
2
Let n(f) = -4*f**3 + 166*f**2 - 61*f - 30. What are the prime factors of n(37)?
5, 17, 263
Suppose 7*z + 263 = 5002. List the prime factors of z.
677
Suppose -16*m - 99792 = -60*m. Suppose -8*x + m = -5*x - 3*z, 2*x - z - 1507 = 0. List the prime factors of x.
751
Let t = 198934 + -139602. What are the prime factors of t?
2, 7, 13, 163
Suppose -11*v - d = -16*v + 31717, -31723 = -5*v + 4*d. List the prime factors of v.
6343
Suppose 12 = t - o + 3*o, 5*o = -3*t + 35. Let s be t/(-4)*(-3 + 35/7). What are the prime factors of (0 - 2) + s/(10/(-244))?
2, 3, 5
Let z = 21 + -34. Let w = z + -3. What are the prime factors of (-1038)/(-22) + w/88?
47
Let w = 2335 - 1364. Suppose -4*s + 766 = -3*n, 4*n - w = -5*s + n. What are the prime factors of s?
193
Suppose -218 + 1623 = 5*c. Let h = c - 197. List the prime factors of h.
2, 3, 7
Let t = 3093 - 1122. List the prime factors of t.
3, 73
Let x(p) = 1268*p**2 - 17*p + 16. List the prime factors of x(2).
2, 7, 19
Suppose -12*o - 489535 + 19485 = -37*o. List the prime factors of o.
2, 7, 17, 79
Suppose -5*a = -2*a - 4*w - 241, w = -3*a + 221. Let b = 200 - a. List the prime factors of b.
5
Let u be (12/9 - 1) + (-672)/(-36). What are the prime factors of -12 + u - (-428 - 1)?
2, 109
Let a(f) = -2*f**3 - 10*f**2 + 27*f + 21. Let g be a(-9). Let l = 749 - g. What are the prime factors of l?
17, 19
Let n be 4 + 316*(-2 - (-36)/16). Let l = n + -55. Let a = 63 - l. What are the prime factors of a?
5, 7
Let z(q) = -q - 6. Let a be z(15). List the prime factors of (-7)/(3/3)*a.
3, 7
Let n be (81504/(-384))/(2/(0 + -8)). Suppose -12*g + 9*g = -n. What are the prime factors of g?
283
Let z = 86 + -84. Suppose -4*v + z*q = -1696, 0 = -6*v + 5*v - q + 421. What are the prime factors of v?
3, 47
Suppose -5*x - 5*k = -7*x + 31, 0 = -2*x + 3*k + 29. Suppose -x*u = -18*u + 70. Let z(t) = -2*t + 38. List the prime factors of z(u).
2, 5
What are the prime factors of (-12 + 10)/(639/2240 - (-66)/(-231))?
2, 5, 7
Let y be ((-20)/12 - -4) + 6/9. Suppose -3*d + 1822 = -4*h, -y*h + 875 + 368 = 2*d. List the prime factors of d.
2, 307
Let k = 7234 + 3933. List the prime factors of k.
13, 859
Let r(w) = -12*w**2 - 5*w + 34. Let p be r(-5). Let n = p - -355. List the prime factors of n.
2, 3, 19
Let a = -119278 - -167054. List the prime factors of a.
2, 1493
What are the prime factors of 2797761*(-6)/(-666) - (-16)/(-296)?
5, 71
Let d = 279 - 538. Let b = 337 + d. What are the prime factors of b?
2, 3, 13
Suppose -23*h = -124416 - 78492 - 67779. List the prime factors of h.
3, 3923
Suppose 46*l - 299625 - 89818 = 349777. List the prime factors of l.
2, 5, 1607
Let f be (-12)/(-3)*(-96)/64. List the prime factors of (136/f)/(2*(-6)/18).
2, 17
Let a = 44652 + -365. What are the prime factors of a?
67, 661
List the prime factors of ((-8)/3)/(10 + 469626/(-46962)).
2, 2609
Suppose -14*z + 10*z = -8. Let m(h) = -14*h + 7. Let s(w) = 28*w - 15. Let f(q) = z*s(q) + 5*m(q). List the prime factors of f(-3).
47
Let u = -121 + 124. Suppose -u*x = 5*o - 2186, x = 28*o - 23*o - 2198. What are the prime factors of o?
439
Let i be 17 + (-8 - (-3 - 6)). Let b(s) = 4*s + 54. What are the prime factors of b(i)?
2, 3, 7
Suppose -3*u = -v - 320, -5*u + 5*v + 540 = 10*v. Suppose -u*x + 120*x = 2600. List the prime factors of x.
2, 5
Let q = 9 - 5. Suppose 2*o + 210 = q*n, -6*o - n - 384 = -2*o. Let j = 44 - o. What are the prime factors of j?
3, 47
Let l(d) = 56*d**2 - 3*d - 1. Let x be l(-2). What are the prime factors of (-212 + x)*62/((-2)/(-1))?
17, 31
Let i(x) = 8*x**3 - 6*x**2 + 3*x + 2. Let m be i(3). Let o = 583 + m. What are the prime factors of o?
2, 3, 7
Let h be (((-12192)/10)/3)/((-1)/5). Suppose -h + 772 = -3*d. Suppose -g = -4*o - 133, 3*g - o - d = 4*o. What are the prime factors of g?
5, 29
Let z = -47 - -43. What are the prime factors of 1/((-22)/z) - (-8132)/44?
5, 37
Let k(m) = -m**3 - 22*m**2 + 8*m + 41. Let j be k(-20). What are the prime factors of -5*(78/273 - j/(-7))?
5, 131
Let v = -227 - -223. Let b be 1 + -2 + 34/2. List the prime factors of 39 - v/(b/12).
2, 3, 7
Suppose 181 = p - v - 37, -p + 4*v = -233. Suppose -p = -3*y + 363. Suppose y = 5*n + 62. What are the prime factors of n?
2, 13
Let f = 16583 - 9849. List the prime factors of f.
2, 7, 13, 37
List the prime factors of (5/3 - 3)/((-568)/8342358).
19583
Suppose -4*i = -5*j + 2105, -3*j + 2*i + 1263 = -0*j. Suppose -4*m - 167 - j = 0. Let q = -105 - m. List the prime factors of q.
2, 3, 7
List the prime factors of (-178)/1691 + ((-2334044)/38)/(-2).
3, 29, 353
Let d(m) = 173*m + 478. List the prime factors of d(12).
2, 1277
Let k(r) = r**2 - 3*r + 3. Let j be k(0). List the prime factors of (j + -110)*(1 + -2).
107
Let h(r) = 476*r**2 + 2*r - 10. What are the prime factors of h(-5)?
2, 3, 5, 11
Let r(o) = -o + 1. Let x be r(3). Let h(c) = -2. Let u(i) = -25*i + 3. Let y(j) = 6*h(j) + 2*u(j). What are the prime factors of y(x)?
2, 47
List the prime factors of 210810/60 + (-2 - -4)/(12/3).
2, 7, 251
Suppose -2*k - 7672 = -4*y - 0*k, 2*y - 4*k = 3836. Suppose 9*m = y - 325. What are the prime factors of m?
3, 59
Suppose 9*f - 49072 = -7*f. Suppose 0 = 12*i + f - 10375. What are the prime factors of i?
3, 7, 29
Let o be ((-3)/5)/(39/(-30) + 1). Suppose 2*j - 2 = 2. Suppose 388 = 4*f + 4*r, -6 = j*r - o. List the prime factors of f.
3, 11
Suppose y - 11 + 4 = 4*a, -11 = -5*y - 4*a. Let k(r) = -11*r**2 + 10*r**y - 12*r**3 - 1 - 20*r + 19*r + 4. List the prime factors of k(-6).
3, 5
Let v(d) = d**3 - 6*d**2 + 8*d + 32. Suppose -13*k + 1 = -12*k - 4*z, -62 = -5*k + z. List the prime factors of v(k).
1319
Suppose 18*n + 47314 = 20*n + 5*k, 4*n - 3*k - 94628 = 0. List the prime factors of n.
41, 577
Let s(w) = -w**3 - 10*w**2 - 12*w - 11. Let d be s(-8). Let q = -56 - d. What are the prime factors of q/(-4)*(-4 + 60)?
2, 7, 13
Suppose 2*j + 7*j - 45 = 0. Let i be (1/3)/(j + (-296)/60). List the prime factors of -2*i/6*(-103 - 8).
5, 37
Suppose 0*n - 16 = -2*n. Let v be 5/(-15)*(3 + (-334 - 2)). Suppose 5*p = n*p - v. List the prime factors of p.
37
Let p(f) = f**3 + 27*f**2 + 26*f - 1. Let r be p(-26). Let v be -71*(5 + r + -3). Let l = v + 175. What are the prime factors of l?
2, 13
Let z(x) = 5*x**2 - 8*x - 3. Let i be z(-1). Let h(q) = 2*q**2 - 7*q + 14. What are the prime factors of h(i)?
2, 3
Suppose -4*k - 31 = -5*k. Suppose -2*w = -5*d + k, -w + 3*d - 8 = 2*d. Let s(t) = t**3 + 5*t**2 + 2*t - 2. List the prime factors of s(w).
2, 5
Let t be (2/(-4))/(3/(-24)). Suppose -6*l + 2*l - t = 0. Let p = l + 101. List the prime factors of p.
2, 5
Let h be 12/5*45/18 + 3. Suppose 0 = h*y + 53*y - 83018. What are the prime factors of y?
13, 103
Let c = 2850 + -1954. What are the prime factors of (c/24 - -7)*9?
3, 7, 19
Suppose 6*x - 178518 = -3*z, 4*x - 136007 + 17001 = -z. List the prime factors of x.
2, 5, 7, 17
Let c = 3 + 3. Let f(l) = -38*l**2 + 46*l**2 + 7*l**3 - l**3 - 2*l**3 - 5*l**3 - 6*l + 2. List the prime factors of f(c).
2, 19
What are the prime factors of (1122/(-935))/((-2)/2025)?
3, 5
Let j = 288 + -301. List the prime factors of -10*((j - -3) + 0).
2, 5
Let j = 5703 + -2731. What are the prime factors of j?
2, 743
Suppose 80 + 670 = 30*d. Suppose -d*c = -17*c - 10104. What are the prime factors of c?
3, 421
Suppose 9*p - 11*p + 1237 = m, -2504 = -4*p + 4*m. List the prime factors of p.
3, 23
Suppose 40*t - 1089494 = -16*t - 3*t. What are the prime factors of t?
2, 7, 1319
Let f(h) = 7*h + 10. Let d be f(4). Let v = 41 - d. Suppose 4*l - v*i - 249 = -0*l, i = 5*l - 303. What are the prime factors of l?
2, 3, 5
Let d be ((-36)/(-8) - 1) + (-6)/(-4). Suppose -2*n - 3*s =